t c(u) = -u + 18. Let d be c(r). What is the greatest common divisor of 18 and d?
2
Let h be (-354)/(-9)*(48 + 42). Calculate the greatest common factor of h and 16.
4
Let m be (28/(-6) - -4)*10872/3*-1. What is the greatest common divisor of 16 and m?
16
Let a(d) = -103*d - 1500. Let c be a(-16). What is the highest common divisor of 3330 and c?
74
Let c(m) = -168*m - 165. Let y be c(-4). Let d = -166 + y. What is the greatest common divisor of 22 and d?
11
Suppose 10*r = 950 + 980. Let i be (-15)/(45/(-2)) + r/3. Calculate the highest common factor of i and 52.
13
Let j(v) = 12 - v + v + 3*v - 4*v. Let c be j(5). What is the greatest common divisor of 77 and c?
7
Suppose 23*i + 660 = 33*i. Suppose 4*z - 5*n + 4*n = 43, 0 = 3*z + 2*n - 46. What is the highest common divisor of z and i?
6
Suppose 11*p + 406 = 27*p - 474. Let u be ((-88)/(-6))/(2/6). What is the greatest common factor of p and u?
11
Let g be (200 - -1)*(-34)/51. Let s = g - -138. Calculate the greatest common divisor of s and 1.
1
Suppose 14*q + 568 = 64. Let t be -47*32/q - (-6)/27. Suppose -4*x + 1 = -23. Calculate the highest common factor of x and t.
6
Let l = 22248 - 16472. Calculate the greatest common divisor of l and 190.
38
Let y be (12/(-9))/(102/(-612)). Let v = 4 - 2. Calculate the greatest common factor of v and y.
2
Let q(a) be the first derivative of a**3/3 - a**2/2 - 16*a + 5. Let d = 548 + -540. Let s be q(d). What is the highest common factor of s and 15?
5
Let w = 1191 + -601. Let s = -347 + w. What is the highest common factor of 54 and s?
27
Let c(o) = -6*o**3 - 5*o - 15. Let i be c(-3). Let d = i + -150. Calculate the highest common factor of d and 96.
12
Let j = -1778 - -1806. Let x(q) = -q**3 + 4. Let n be x(0). What is the highest common factor of n and j?
4
Suppose 2*u = -241 + 35. Let d = 105 + u. Suppose -x = -d*x + 78. What is the highest common divisor of 6 and x?
6
Let y(a) = 11*a + 1. Let z be y(1). Let h be (-7)/(7/(-4)) + z. Suppose -j - 72 = -4*j. Calculate the greatest common factor of j and h.
8
Let f(c) = c**2 + 14*c + 75. Let p be f(-21). Suppose 13*j = 7*j + p. Let v = -66 + 140. What is the highest common divisor of j and v?
37
Let q = -321 - -341. Suppose 0 = 5*f + q, 6*b - 3*b = -5*f + 4. Calculate the highest common divisor of b and 632.
8
Suppose -a + 7 = -1. Suppose 444 = 2*n - 0*n. Let c = n - 216. What is the greatest common factor of c and a?
2
Suppose 327*x = -31*x + 137198 - 6886. Calculate the greatest common divisor of 1560 and x.
52
Let v(k) = k + 1. Let t be v(7). Suppose 0 = -t*f + 40 - 8. Suppose -f*i - 2*i = -66. Calculate the greatest common factor of 121 and i.
11
Let n = -50 - -55. Suppose -4*a = -n*s + 136, -4*s + 179 = 2*a - 7*a. Let g = a + 53. What is the highest common divisor of 42 and g?
14
Let r(b) = 10*b + 70. Let t be r(-7). Suppose t = 6*k - 478 + 178. What is the greatest common divisor of 100 and k?
50
Suppose 0 = 493*x - 502*x + 432. Let u(s) = -s**2 - 19*s - 16. Let w be u(-14). What is the highest common divisor of x and w?
6
Let n = -7 + 16. Let i = 237673 - 237628. What is the highest common factor of n and i?
9
Suppose -2*j - 53 = -4*q - 99, -3*q = -3*j + 84. Calculate the highest common factor of j and 2211.
33
Let n = 43 + -26. Suppose h = a + 3*a - 12, -16 = -5*h + a. Suppose 0 = 3*j - h*u - 259, 4*u + 428 = 5*j + u. What is the greatest common factor of j and n?
17
Suppose 3*v - 2*j - 3 = -0, 3*j - 3 = 2*v. Let s(b) = 3*b**2 - 2*b + 13. Let m be s(v). Suppose -m - 16 = -p. Calculate the greatest common divisor of 10 and p.
10
Suppose 4*m - 45 = -5*n + 52, -n - 31 = -2*m. Let b be 256 - (-14 + 351/13). Calculate the highest common factor of b and m.
9
Let r = -1152 + 1384. What is the highest common divisor of 104 and r?
8
Let c be -3 - -6 - (5 + 4/(-1)). Let h(i) = 13*i - 7. Let g be h(-5). Let o be (g/16)/((-1)/4). What is the greatest common divisor of c and o?
2
Let g be (-140)/35 - (-2 - 3*14). Let w be (-16)/g + ((-186)/(-5))/3. Suppose 2 = -2*m + 26. Calculate the highest common divisor of w and m.
12
Let z be (-8)/(-3)*(12 - 150/12)*-582. Calculate the highest common factor of 16 and z.
8
Suppose -15469 = 221*r - 37637 - 11866. Calculate the highest common factor of 2101 and r.
11
Let a(t) = t**3 - 3*t**2 + 2*t - 4. Let m be a(3). Suppose 539 - 91 = m*n. Calculate the greatest common divisor of n and 28.
28
Let n(j) = 83*j**2 - 906*j + 11. Let r be n(11). What is the greatest common factor of 55 and r?
11
Let p = 13957 - 13951. Calculate the highest common divisor of p and 6054.
6
Suppose -2*g + 4528 = 3*z, -11305 = -5*g - 20*z + 15*z. What is the highest common divisor of 10 and g?
5
Suppose 55*y - 57*y + 346 = 0. Suppose 0 = 12*t - 593 + y. What is the greatest common factor of 245 and t?
35
Let x(d) = 6*d**3 + 2*d + 5. Let y be x(-2). Let l = -42 - y. Suppose -55 = -2*h - z, -5*h + 73 = l*z - 77. Calculate the greatest common divisor of h and 200.
25
Let h(a) = -2*a**2 + 21*a. Let c be h(11). Let j be 1 - c - (14 + -1 + -8). What is the highest common factor of 371 and j?
7
Let h = 31193 - 30668. What is the greatest common divisor of h and 7000?
175
Suppose -c + 139 = 3*n, -n + 16 + 7 = 5*c. Let x = n - 44. Suppose -13 = -x*f + 207. Calculate the greatest common divisor of 11 and f.
11
Let p be (22/(-198) - 10623/(-108))/(1/4). Calculate the highest common divisor of 3 and p.
3
Let f(o) = 1 + 0 - 4*o**3 - o**3 - 3 + 3*o**2. Let n be f(-1). Suppose -3*a = -n*a + 36. What is the greatest common divisor of a and 48?
12
Let j = 289 - 495. Let x = -137 - j. Calculate the greatest common factor of 759 and x.
69
Suppose -16 = -u - 12. Let a be (-1674)/(-124) + -1*(-2)/u. Calculate the highest common divisor of a and 14.
14
Let x(r) = 97*r + 718. Let u be x(-7). What is the highest common factor of u and 1196?
13
Suppose 57*x = 63*x - 12. Suppose -4*r + 7*r + 36 = d, -2*d = -x*r - 72. What is the highest common factor of d and 108?
36
Suppose 5*w - 5 = 0, -k - 42 + 106 = -w. What is the greatest common factor of 45 and k?
5
Let z be 13*22 - (3/(-6)*4 - -8). Calculate the highest common factor of z and 1600.
40
Suppose -o + a - 2 + 30 = 0, 5*o - 122 = -a. Let b be 55*(-27 - -127)/20. What is the greatest common factor of b and o?
25
Suppose 814 = -44*r + 81*r. Suppose -r*c + 29*c = 140. Calculate the highest common divisor of c and 280.
20
Suppose j - 11 = -c, 4*c - 4*j - j = 80. Suppose 3 = -3*n + c. Let k = 226 + -194. Calculate the highest common divisor of k and n.
4
Suppose 5*c = -2*n + 60, c - 49 = -5*n - 14. Let g be 1/((-8)/9 + 1). Suppose c*v - 20 = g*v. What is the greatest common factor of 2 and v?
2
Let h = -134 + 161. Let u(l) = 8*l - 149. Let i be u(h). Calculate the highest common factor of 1 and i.
1
Suppose 0 = 76*l - 80*l + 8. Suppose 3*p + l*i = 867, -i + 0 = -3. What is the highest common divisor of 41 and p?
41
Let n = 49062 + -39950. What is the highest common factor of 402 and n?
134
Let m = 134 + -100. Suppose -4*w + 16 = 0, -26*n - 4*w = -28*n + m. Calculate the greatest common divisor of 300 and n.
25
Let z(a) = 34*a - 1. Let s be z(6). Suppose 2*w - 32 = 2*f, 182*w + 3*f = 194*w - 111. What is the highest common divisor of s and w?
7
Let v = -32716 - -32896. What is the greatest common factor of v and 33750?
90
Suppose -14*y + 73800 = 17*y - 21*y. What is the highest common factor of 40 and y?
20
Let g(k) = 249*k - 19. Let i be g(-3). Let u be i/(-10) - (6/10 + 0). Calculate the greatest common divisor of u and 38.
38
Let j(z) = z**2 + 12*z + 20. Let m = 59 + -61. Let v be j(m). Suppose 13*i - 9*i - 676 = v. Calculate the greatest common divisor of 13 and i.
13
Let k be ((-64)/(-12) + -2)*12. Let n be (704/66)/((-70)/(-945)). What is the highest common divisor of n and k?
8
Suppose -2*d = -d + 17 - 128. Suppose 10 = 5*v - 5. What is the highest common factor of d and v?
3
Suppose 111*t = -4*d + 108*t + 14511, -10864 = -3*d - 5*t. Calculate the greatest common factor of d and 63.
21
Let c be (-82)/(-16) - (-1)/(-8) - -5. What is the highest common factor of 7490 and c?
10
Let w be (0 - -4)*27/(-6)*(-2356)/744. Calculate the greatest common factor of w and 2261.
19
Let n(c) = 2*c**3 + 8*c**2 - 9*c + 7. Let y be n(-5). Suppose -3 = y*f - 33. Calculate the highest c